9) + 0)) + 2
-2
What is the value of 21 - (24 - 42 - -23)?
16
What is (-12 - (-10 - (-4 - -1))) + -7?
-12
What is -94 - -98 - (-2 + 2 + 0 - 1)?
5
Evaluate -2 + (6 - 14) - (-5 + (2 - 3)).
-4
What is the value of -8 + -5 + (-11 - -14)?
-10
-3 + -2 + -35 + 57
17
-2 - (-8 - 1 - (-30 - (-1 + -3)))
-19
Evaluate 15 + -3 + (11 - 9).
14
What is (42 - -2) + (8 - (6 + -3) - 15)?
34
(-27 + -2 - 1) + (-1454 - -1474)
-10
19 - (-33 + (-33 - -98))
-13
What is the value of 5 + (-3 - -5) + -2 + 0 + 2?
7
Evaluate 7 - (-18 + 6 + -5 + -7 + 12).
19
Evaluate 10 + 20 - 4 - -2.
28
What is 8 + -2 - (-18 + 24 + 17) - 3?
-20
What is the value of 92 - 90 - (-5 - -3 - (15 + -1))?
18
Evaluate -14 + (131 + -134 - (1 + -13)).
-5
What is ((-9 - -23) + -4 - 4) + 10?
16
What is the value of -4 + (-8 - -5) + 10?
3
Evaluate -21 + 36 + -12 - (2 + (-1 - 2)).
4
(57 - 47) + -1 + -4 + 0
5
What is the value of -13 + 8 + (3 - 1)?
-3
(32 - (-24 + 13 + 21)) + -6 + 1
17
Evaluate 23 - 18 - (-4 - -9).
0
What is (-22 - (1 - 16)) + 3?
-4
Evaluate 36 + 29 + -44 + -12.
9
0 - (-10 + -17 + 26)
1
What is (30 - (61 + -28)) + -10?
-13
Calculate -10 + 0 + -16 + 5 + -7 + 16.
-12
What is 31 + -48 + 8 + -3 + 8?
-4
(26 - (-7 - 4)) + 0 + -12
25
What is 2 + 3 + 20 - (-4 + 9 + 5)?
15
Evaluate -3 - -1 - -13 - 4 - (5 + -1).
3
What is -1678 + 1656 + -7 + 0?
-29
-36 + 23 - (-34 - -9)
12
Evaluate 15 - (15 + (8 - 15)) - 2.
5
What is the value of 38 + 17 + (-90 - -33)?
-2
14 + (-5 - (-13 + 1) - -9)
30
Calculate -10 - (22 + -14 + -10).
-8
What is 232 - 228 - (0 - -11)?
-7
Calculate -4 + (2 - (0 + 5) - -3) + 19.
15
Evaluate 2 - (-24 + 4) - (-6 - -15).
13
What is 1 + 6 + 114 + -136?
-15
Evaluate 29 - 2 - (59 - 22).
-10
What is -2 - 1 - (2 - (-2 + -8) - 3)?
-12
32 - -2 - (11 - (31 + -25))
29
Calculate 2 + 2 + 0 + -7 + 4 + -11.
-10
Evaluate (-26 - -79) + -68 - (0 + -17).
2
Evaluate -11 + 6 - (-8 - 1 - 3).
7
What is (2 - 2) + (22 - 8 - 6)?
8
What is the value of -19 - (-9 - (-6 + -4 - -7))?
-13
5 + -2 - (269 + -254)
-12
Calculate (18 - -2) + -9 + -18.
-7
Evaluate (-24 - -7) + (2 - (22 + -4)).
-33
What is -4 + (2 + -10 - (21 - 33) - 0)?
0
Calculate 0 - (-20 - (-58 - -16)).
-22
Calculate -2027 + 2023 + (0 - -2) + 0 + -20.
-22
What is the value of -7 - 7 - (-5 - (-11 - -26))?
6
Calculate (1 - ((-20 - -6) + 7)) + -7.
1
(-4 + 9 - 8) + 2 + (10 - -12)
21
Calculate -6 + (4 - 1) + -8 + 3.
-8
Evaluate -19 + (-4 - -10) + -4 - -5.
-12
What is the value of 16 + (-9 - 17 - -28)?
18
What is the value of 36 - (-22 + 48) - (3 + 0)?
7
Evaluate 7 - (84 - 88 - (-15 + 0)).
-4
What is the value of -31 + -26 + 58 - (-16 - -2)?
15
What is 8 + 3 - 24 - -4?
-9
48 - 26 - (10 - 15 - -9)
18
What is the value of (-10 + 8 - 12 - 8) + -3?
-25
Evaluate -20 + -5 + 40 - 15.
0
Evaluate -14 - ((27 - 46) + -8).
13
What is the value of 12 + -23 + 11 + 8 - 30?
-22
What is 1 - 14 - (36 - (10 - -23))?
-16
Evaluate 8 + -2 - (-6 + -17 + 9 - 9).
29
What is the value of -2 + 1 + 13 - -1?
13
Evaluate (1 - 13 - -13) + 12 + -7.
6
(14 - 4 - (-3 - -1)) + -3 + 3
12
10 + (-7 - 0) + (-25 + 8 - -3)
-11
(-10 - -31) + -26 + -18
-23
Calculate 10 + -3 + -9 - (-4 + 4).
-2
What is -11 + 23 + -17 + (0 - 5) + 1?
-9
What is the value of 26 - ((-9 - -33) + 13)?
-11
Evaluate (14 + -8 - 22) + 2 + -2 + -2.
-18
Evaluate (9 - (-3 + 11) - -1) + -1 + -12.
-11
5 - 1 - -3 - (-12 + 18) - 1
0
What is -189 + 194 + (-6 - -3 - -18)?
20
Calculate 33 - (-11 + -14 + 39).
19
-1 - (-8 - 4) - 12
-1
(-5 - (12 - 4 - 4)) + 16
7
What is the value of (13 - (8 + -8)) + -17?
-4
Calculate (-269 - -271) + -5 + 1 + 2 - 8.
-8
Calculate (-2 - -1) + 12 + 3 + -31.
-17
4 + -6 + -28 - -18
-12
Calculate 0 - 44 - (1014 + -1059).
1
What is -1 - 9 - (406 + -404 + (-1 - 11))?
0
What is 5 - (33 + -27 + -4)?
3
22 - (-7 - (-22 + 23))
30
Evaluate -51 - (-20 - (-31 + 36)).
-26
Calculate -5 + 0 + -2 - (-122 - -104).
11
Calculate (3 + 4 - 3) + -153 + 170.
21
Evaluate 1 + 5 + -27 + (-20 - -40).
-1
What is the value of (-5 - -2) + (22 - 9) + (-27 - -32)?
15
What is 22 + (-7 - (-7 + -2 + 0)) + -7?
17
What is 13 - (3 - 1 - (20 + (-34 - -8)))?
5
(-3 - (-3 - (-4 + 7 - -1))) + -21
-17
Evaluate 2 + -13 + -3 + 8 + -8.
-14
Calculate 8 - (-18 - (-8 - (8 + -4))).
14
Evaluate 1 + -1 + (-1 + 24 + -9 - 9).
5
Calculate 14 + (-27 - (-2 - 28)).
17
Evaluate -13 - 1 - (-511 + 512).
-15
Evaluate -4 + (-47 - 15 - -37).
-29
What is -29 - ((10 - -1) + (-12 - -12 - 22))?
-18
What is the value of 2 + 0 - (3 - 11) - (0 - -7)?
3
20 + -29 - 2 - -10
-1
What is -29 - ((-36 - -8) + 34)?
-35
What is (-9 - 6) + -8 + 10?
-13
What is the value of 3 - -2 - (-18 - (3 + -5) - -37)?
-16
What is 8 + (9 + -10 + 4 - (-2 - 5))?
18
Calculate -3 + 14 - (232 - 198).
-23
(-18 - -26) + -9 + 0
-1
What is (5 - (-2 - 25)) + (55 - 67)?
20
What is the value of 7 - (12 + -2) - -11?
8
Evaluate -10 + 3 - (33 - 41) - 11.
-10
-3 - -31 - 32 - (-1 + 7)
-10
What is the value of 0 - 40 - (1 + -4 + -8 + 11)?
-40
What is -17 - (10 - (71 + -1 + -14))?
29
-3 - (3 + 7 + -5 + -8 + -4)
4
What is the value of (0 - -1) + -48 + (78 - 36)?
-5
Calculate -15 + (16 - 1) + 20.
20
5 + -13 + 0 + 6 + (5 - 1)
2
What is 13 + -16 + 8 + 5 + -1?
9
Calculate (4 - 10 - 3) + (2 - 12) + 9.
-10
Evaluate 2 - (22 - 11) - (3 - 1).
-11
What is the value of (-16 - -42 - 31) + (-1 - 0)?
-6
Calculate -6 + -4 + (-3 - 0) + -4 + 6.
-11
Evaluate -6 + (20 - 13 - 13).
-12
Evaluate -22 + (7 - -2 - (-47 - -50)).
-16
Calculate -16 + 8 + -9 + 10.
-7
(-23 - -43 - 51) + (1 - -1)
-29
What is the value of -10 - (-8 + -7 - 6)?
11
What is the value of 5 + -2 + 3 + -3 + -2 + 2?
3
-13 + (5 + -1 - -1)
-8
Evaluate -34 + 0 - (-1 - 61).
28
Calculate -12 + -3 - -6 - (1 - 9) - -15.
14
Evaluate -11 + (32 - -5 - 11) - 29.
-14
What is the value of 15 - (12 - (0 + -2))?
1
Evaluate -1 + ((-12 - -8) + 3 - 7).
-9
What is -6 - (-33 + 28 + (-2 - -1 - 2))?
2
Evaluate 5 + (13 - 24) + -14 + 29.
9
What is 14 + 0 + (1 - (20 - 22)) + 3?
20
Evaluate -21 + -8 + (16 - 6).
-19
Evaluate (25 + -10 - 6) + 7.
16
Evaluate (-17 - -3 - -26) + -5.
7
Calculate (131 - 127) + (0 - (-3 + 0)).
7
Calculate (-5 - -21) + -6 + -13 + 9.
6
Evaluate (-12 - (4 + -6)) + 22 - 3.
9
What is 5 + -1 - ((-1 - -19) + 145 + -153)?
-6
-20 - (19 - (2 + 23))
-14
What is 50 - ((53 - 83 - -19) + (22 - 0))?
39
Calculate -3 - (-11 + 13 - -2 - -4).
-11
What is the value of (5 - (14 + -4)) + (14 - 21)?
-12
What is (-1 - -9 - (-30 - -31)) + 5 - 13?
-1
What is (-2 - -4) + (9 - 11 - -11)?
11
What is 21 + -1 + (-4 - 0) + 2 + -7?
11
What is the value of (-25 - -4 - -16) + (2 - 8 - 0)?
-11
Calculate 11 - (-2 + (13 - (-8 - -14))).
6
767 + -725 + (3 - 28)
17
4 + 1 + -56 + 41
-10
Evaluate -1 - (4 - 2) - -1.
-2
Calculate (2 - -12) + (8 - (9 + 6)).
7
What is the value of 6 + -6 - (3 + -18) - 38?
-23
What is the value of 0 - 3 - -10 - (4 - 1)?
4
28 - (8 + (-19 - -22))
17
Calculate -6 - (-8 - (-5 - (5 - 3 - 14))).
9
Evaluate (-11 - 6) + 153 + -130.
6
Calculate (0 - (-6 - -19)) + (2 + 3 - 4).
-12
What is the value of -25 - (-7 - (-15 - -17))?
-16
Evaluate -2 + 35 + (422 - 432).
23
Calculate 13 - (-5 - (-3 - 6)) - 42.
-33
Calculate 11 + -1 + -10 - -13.
13
What is the value of 6 - (1 - ((-6 - -4) + 2) - -14)?
-9
What is (2 + -6 - 4) + 24?
16
-2 - (4 + -9 - (-4 + 2 + 4))
5
What is the value of -8 - -15 - (20 - (0 - -6 - 6))?
-13
What is 0 + -1 - (-1 - 4 - 7)?
11
Evaluate 11 + (20 + -22 - 14 - -32).
27
What is 14 + (-7 - 0) - 3 - (-6 + -2)?
12
What is the value of 34 + -9 - (30 - 1)?
-4
1 + -12 + -20 + 13
-18
What is the value of -12 + -19 + 42 - (6 + 2)?
3
-11 - (-5 - 2) - (4 - -10)
-18
Calculate 57 + -17 + 46 + -57.
29
What is the value of 64 - 45 - -39 - 20?
38
375 - 367 - ((16 - 0) + -2)
-6
Calculate (6 - (-4 - (4 - 8))) + 3.
9
4 - (12 - ((0 - 3) + -26 + 31))
-6
What is -12 + (-8 - (-3 + (-2 - -5) + -7))?
-13
What is 16 + (59 - 16) + -44?
15
Calculate -48 - -44 - (-1 - (-8 + 3)).
-8
(2 + 6 + 2 - 4) + -1 + 2
7
What is (2 + 2 - 1 - (-2 - -3)) + 8?
10
Calculate (-1 - (14 + -10)) + 8.
3
Evaluate -17 - (-6 + (-10 - -9 - -7) + 0).
-17
Calculate 17 + -15 - 15 - 1.
-14
What is -2 - (-27 - 4) - 18?
11
-8 - ((1 - (2 + 0)) + -18)
11
Evaluate -15 + 7 + (5 - -14).
11
Evaluate (6 - 10) + 62 + -40.
18
What is the value of -10 + -1 - (-9 - (-43 - -33))?
-12
What is the value of ((3 - -3) + -1 - -13) + -7?
11
Evaluate 21 - (-17 - -34)